q(c) = -c**3 + 5*c**2 + 18*c + 5. Calculate q(8).
-43
Let m(j) = -2*j**2 + 18*j - 7. Give m(9).
-7
Let y(r) = r**2 - 13*r + 37. Give y(6).
-5
Let f(q) = -12*q**3 - 4*q**2 - 3*q - 2. What is f(-2)?
84
Let q(x) = 4*x - 9. Give q(3).
3
Let k(o) = -153*o**3 - o**2 - o. Give k(1).
-155
Let k(g) = 2*g**2 - 5*g. Determine k(4).
12
Let x(m) = -m**3 + 20*m**2 + 18*m + 44. Give x(21).
-19
Let q(o) = 3*o - 2. What is q(-2)?
-8
Let o(y) = 2*y + 6. Give o(7).
20
Let a(p) = -2*p**3 - 10*p**2 - 11*p. What is a(-2)?
-2
Let i(q) = -14*q - 3. Calculate i(15).
-213
Let u(a) = -2*a**2 - 17*a + 2. What is u(-9)?
-7
Let k(v) = 7*v - 21. Determine k(29).
182
Let p(m) = 55*m + 445. Calculate p(-8).
5
Let m(b) = -b**2 - 11*b - 17. Calculate m(-8).
7
Let h(p) = p**2 - 21*p - 16. Determine h(21).
-16
Let n(h) = h + 13. Determine n(-6).
7
Let p(u) = 5*u - 9. Determine p(8).
31
Let k(u) = -6*u + 13. Calculate k(4).
-11
Let a(i) = -i**3 - 6*i**2 + 8*i - 8. Determine a(-7).
-15
Let s(y) = -2*y**2 + 9*y + 17. Determine s(6).
-1
Let w(s) = -s**3 + 15*s**2 + 12*s - 33. What is w(16)?
-97
Let v(y) = y**3 + 8*y**2 - y - 34. Give v(-8).
-26
Let h(p) = -p**3 - 10*p**2 + 10*p - 15. What is h(-11)?
-4
Let r(i) = 4*i + 6. Give r(5).
26
Let x(p) = -2*p + 14. Give x(6).
2
Let c(w) = w**3 - 6*w**2 + 2*w - 20. Determine c(6).
-8
Let c(f) = -2*f**2 - 40*f - 10. Calculate c(-20).
-10
Let h(i) = -16*i - 65. Calculate h(-4).
-1
Let t(q) = -q**3 - 2*q**2 + 7*q + 9. Determine t(-3).
-3
Let w(z) = z**3 + 8*z**2 - 8*z + 3. Give w(-9).
-6
Let r(y) = 4*y + 72. Give r(-21).
-12
Let d(g) = -g**2 - 21*g - 30. Give d(-20).
-10
Let i(x) = x**3 - 4*x**2 + 8*x - 24. What is i(4)?
8
Let j(k) = k - 6. Give j(5).
-1
Let c(b) = -10*b + 62. Calculate c(3).
32
Let y(g) = -26*g + 20. Give y(-3).
98
Let u(n) = -4*n**3 - 4*n**2 - n + 7. What is u(-3)?
82
Let h(r) = -2*r**2 + 5*r + 46. Give h(6).
4
Let c(v) = -13*v - 1. Calculate c(2).
-27
Let d(i) = 3*i**2 - 11*i - 5. What is d(-2)?
29
Let u(t) = -16*t**2 - 4*t + 3. What is u(1)?
-17
Let g(m) = -3*m**3 + 5*m**2 - 5*m + 1. Calculate g(3).
-50
Let x(w) = -w**2 - 27*w + 349. Calculate x(9).
25
Let j(c) = c**3 - 6*c**2 + 6*c + 10. Give j(3).
1
Let j(q) = 3*q**2 + 10*q - 136. Give j(5).
-11
Let j(g) = -g**2 - 8*g + 131. What is j(8)?
3
Let j(n) = n**3 + 11*n**2 + 6*n - 1. Calculate j(-10).
39
Let f(m) = 3*m**2 + 5*m + 6. Determine f(-2).
8
Let f(r) = -15*r - 1. What is f(-2)?
29
Let k(p) = -4*p - 7. Calculate k(9).
-43
Let q(k) = k**3 - 9*k**2 - 10*k + 3. Give q(10).
3
Let r(c) = -200*c + 604. What is r(3)?
4
Let j(n) = -19*n**2 - 3*n + 1. Determine j(-2).
-69
Let r(l) = -l**3 - 6*l**2 + 6*l + 24. Give r(-5).
-31
Let f(q) = q**2 - 4*q - 25. Determine f(8).
7
Let h(l) = -l**3 - 26*l**2 + 3*l + 61. Calculate h(-26).
-17
Let n(r) = 4*r**3 - 8*r + 8. What is n(1)?
4
Let i(c) = -13*c - 19. Calculate i(6).
-97
Let j(a) = a**2 + a + 24. Give j(0).
24
Let o(q) = -q**3 - 7*q**2 + 16*q - 22. Determine o(-9).
-4
Let v(w) = 10*w - 37. Give v(-7).
-107
Let y(d) = -d**3 + 7*d**2 + 2*d - 10. Determine y(5).
50
Let y(l) = 9*l + 1. What is y(3)?
28
Let g(h) = -h**2 + 10*h + 11. Determine g(11).
0
Let j(r) = r**2 - 11*r - 9. Calculate j(7).
-37
Let b(h) = h**3 - 5*h**2 + 1. Give b(6).
37
Let m(t) = t**3 + 4*t**2 + t - 7. What is m(-3)?
-1
Let s(q) = -q**2 - 7*q - 15. Determine s(-4).
-3
Let q(m) = 5*m + 42. Determine q(-10).
-8
Let k(x) = x. What is k(-6)?
-6
Let k(i) = 9*i**2 + 4*i + 5. What is k(-2)?
33
Let g(q) = -5*q + 3. Determine g(1).
-2
Let q(m) = 5*m**2 + 8*m + 2. Calculate q(-3).
23
Let m(b) = b**2 + 4*b - 10. What is m(-13)?
107
Let m(v) = v**2 + 4*v - 6. Give m(-5).
-1
Let g(o) = -o**2 - 14*o - 19. Determine g(-2).
5
Let f(w) = -w**2 + 9*w - 10. Give f(12).
-46
Let k(h) = 4*h**2 + 26*h - 7. What is k(-7)?
7
Let z(j) = j**2 - 16*j + 6. Determine z(12).
-42
Let p(k) = 2*k**2 + 5*k - 7. Give p(-4).
5
Let a(r) = r**2 - 20*r - 11. Give a(21).
10
Let p(g) = -g**2 - 9*g - 10. Calculate p(-6).
8
Let b(m) = m**3 + 11*m**2 - 10*m - 5. What is b(-12)?
-29
Let l(w) = -w**3 - 11*w**2 + 27*w + 19. What is l(-13)?
6
Let d(t) = -3*t**2 - 9*t - 8. Calculate d(-5).
-38
Let s(v) = 3*v + 13. Give s(-5).
-2
Let d(p) = -p**2 - 8*p - 12. Determine d(-6).
0
Let c(w) = 15*w - 227. Determine c(15).
-2
Let i(s) = s - 5. Give i(7).
2
Let l(v) = -8*v + 218. What is l(28)?
-6
Let d(q) = 85*q - 601. What is d(7)?
-6
Let z(k) = -k - 20. Give z(-13).
-7
Let s(p) = p**2 + 43*p + 286. What is s(-35)?
6
Let a(n) = -n**3 + 6*n**2 - 7*n - 3. Calculate a(4).
1
Let b(k) = -61*k. What is b(1)?
-61
Let m(r) = -8*r**2 - 4*r. Give m(-3).
-60
Let o(f) = -f**3 + 23*f**2 - 46*f + 89. Give o(21).
5
Let k(u) = -2*u + 7. Calculate k(-2).
11
Let z(u) = -u**3 + 4*u**2 - 5*u - 6. Calculate z(2).
-8
Let s(p) = -2*p**2 + 23*p - 5. Calculate s(12).
-17
Let u(f) = -f**2 + 15*f - 11. What is u(15)?
-11
Let i(y) = -4*y + 1. Give i(3).
-11
Let p(t) = 9*t - 14. Calculate p(6).
40
Let z(h) = h**3 + 14*h**2 + 4*h - 121. Determine z(-13).
-4
Let y(k) = -k**3 - 5*k**2 + 2*k - 12. Calculate y(-6).
12
Let c(q) = -34*q - 284. Give c(-8).
-12
Let p(b) = -2*b**2 - 44*b + 4. Calculate p(-22).
4
Let i(f) = -15*f**2 - 39*f + 40. Calculate i(1).
-14
Let c(k) = -k**2 + 18*k - 138. What is c(14)?
-82
Let l(x) = -x + 8. Give l(-7).
15
Let h(l) = -l + 2. Calculate h(8).
-6
Let m(o) = -2*o**2 - 27*o + 72. Calculate m(-15).
27
Let r(y) = -3*y - 42. What is r(-17)?
9
Let l(c) = -41*c. Give l(2).
-82
Let d(h) = -h - 1. Calculate d(3).
-4
Let p(q) = q**3 + 8*q**2 + 2*q + 8. Give p(-8).
-8
Let w(j) = -2*j**3 - 9*j**2 + 2*j - 2. Calculate w(-6).
94
Let t(w) = w**2 + 10*w - 6. Determine t(-5).
-31
Let v(w) = -w**2 + 7*w - 32. What is v(0)?
-32
Let b(h) = -4*h. Calculate b(4).
-16
Let o(c) = c - 19. Give o(13).
-6
Let y(l) = 153*l + 309. What is y(-2)?
3
Let v(g) = g**3 - 10*g**2 + 9*g - 8. What is v(9)?
-8
Let a(t) = 2*t**3 + 3*t**2 - t - 3. Determine a(2).
23
Let x(w) = 3*w**3 - 52*w**2 - 38*w + 31. Determine x(18).
-5
Let u(y) = 2*y - 15. Determine u(-15).
-45
Let u(f) = -3*f - 22. Give u(-7).
-1
Let j(l) = -l**3 + 6*l**2 + 11*l - 12. What is j(7)?
16
Let s(d) = -58*d - 352. Give s(-6).
-4
Let k(b) = -b**2 - 19. What is k(0)?
-19
Let b(t) = 11*t**3 + t**2 - t. Determine b(1).
11
Let y(z) = -z**3 - 4*z - 6. Calculate y(4).
-86
Let y(a) = -a**3 - 12*a**2 + 10*a - 39. What is y(-13)?
0
Let y(x) = x**3 + 4*x**2 - 12*x - 1. What is y(-6)?
-1
Let l(j) = -j**3 - 6*j**2 - 3*j + 4. What is l(-5)?
-6
Let u(q) = -q**3 + 7*q**2 + 11*q + 5. What is u(8)?
29
Let s(b) = -b**2 - 9*b - 17. What is s(-5)?
3
Let u(h) = h**3 + 2*h**2 - 4*h + 4. What is u(-4)?
-12
Let k(q) = -q**2 - q + 3. Calculate k(0).
3
Let r(s) = -s**2 - 7*s - 4. Determine r(-6).
2
Let o(b) = 24*b - 228. Give o(10).
12
Let p(q) = -2*q - 9. Calculate p(-10).
11
Let a(m) = 22*m + 280. Calculate a(-12).
16
Let p(o) = 5*o - 116. Calculate p(26).
14
Let g(j) = -15*j - 4. Determine g(-1).
11
Let j(y) = -2*y**2 + 14*y + 47. Calculate j(8).
31
Let c(u) = 14*u - 1. Calculate c(1).
13
Let j(c) = c**3 + 12*c**2 - c - 22. Determine j(-12).
-10
Let p(h) = h**2 - 27*h + 42. What is p(25)?
-8
Let g(s) = 3*s - 158. What is g(52)?
-2
Let u(y) = y**2 - y - 7. Give u(9).
65
Let x(a) = 6*a**2 - 4. Determine x(-5).
146
Let a(t) = -t**3 + 7*t**2 + t + 5. Determine a(6).
47
Let r(z) = z**2 - 25*z + 18. Calculate r(23).
-28
Let p(c) = c**2 - 16*c + 8. Determine p(15).
-7
Let b(j) = 159*j - 1103. Determine b(7).
10
Let u(r) = -r**3 - 4*r**2 + r + 2. What is u(-5)?
22
Let h(k) = 11*k - 44. Give h(-6).
-110
Let i(y) = -2*y + 6. Calculate i(-5).
16
Let x(a) = 27*a**3 + 8*a - 7. Determine x(1).
28
Let y(c) = c**3 + 2*c**2 - 37*c - 11. What is y(-7)?
3
Let q(k) = -k**2 + 6*k - 9. Give q(9).
-36
Let h(w) = w**3 - 8*w**2 - 12*w + 9. What is h(9)?
-18
Let j(d) = d**2 - 16*d + 19. Calculate j(13).
-20
Let z(m) = m**2 + 13*m - 110. Calculate z(-21).
58
Let i(k) = -53*k - 59. Give i(-1).
-6
Let y(q) = -q**2 - 8*q - 9. Give y(0).
-9
Let m(s) = s**2 + 13*s - 6. Calculate m(-14).
8
Let z(d) = -2*d**3 - 4*d**2 + 2*d + 8. Give z(-3).
20
Let s(h) = -2*h**2 - 5*h + 15. Give s(2).
-3
Let g(z) = -z**3 - 4*z**2 - 2. What is g(-4)?
-2
Let a(h) = h**3 - 8*h**2 + 7*h - 6. Determine a(4).
-42
Let l(d) = -38*d + 3. Give l(1).
-35
Let q(h) = -h - 29. 